the remainder when 1950 is divided by 31?
28
Calculate the remainder when 360 is divided by 42.
24
What is the remainder when 21 is divided by 13?
8
Calculate the remainder when 78 is divided by 65.
13
Calculate the remainder when 145 is divided by 63.
19
What is the remainder when 317 is divided by 177?
140
Calculate the remainder when 232 is divided by 47.
44
Calculate the remainder when 232 is divided by 47.
44
What is the remainder when 571 is divided by 24?
19
Calculate the remainder when 27 is divided by 15.
12
What is the remainder when 809 is divided by 5?
4
What is the remainder when 525 is divided by 42?
21
Calculate the remainder when 305 is divided by 14.
11
Calculate the remainder when 122 is divided by 14.
10
What is the remainder when 344 is divided by 87?
83
What is the remainder when 47 is divided by 32?
15
What is the remainder when 130 is divided by 37?
19
What is the remainder when 65 is divided by 64?
1
What is the remainder when 557 is divided by 96?
77
Calculate the remainder when 475 is divided by 34.
33
What is the remainder when 158 is divided by 28?
18
Calculate the remainder when 1755 is divided by 877.
1
Calculate the remainder when 1635 is divided by 10.
5
What is the remainder when 1302 is divided by 626?
50
What is the remainder when 408 is divided by 70?
58
What is the remainder when 161 is divided by 30?
11
Calculate the remainder when 99 is divided by 29.
12
What is the remainder when 52 is divided by 48?
4
What is the remainder when 110 is divided by 57?
53
What is the remainder when 136 is divided by 46?
44
Calculate the remainder when 2719 is divided by 1358.
3
What is the remainder when 51 is divided by 16?
3
Calculate the remainder when 2076 is divided by 10.
6
What is the remainder when 33 is divided by 17?
16
Calculate the remainder when 467 is divided by 5.
2
Calculate the remainder when 192 is divided by 68.
56
Calculate the remainder when 622 is divided by 86.
20
What is the remainder when 345 is divided by 33?
15
Calculate the remainder when 147 is divided by 35.
7
Calculate the remainder when 924 is divided by 135.
114
What is the remainder when 61 is divided by 18?
7
What is the remainder when 2051 is divided by 255?
11
Calculate the remainder when 915 is divided by 285.
60
Calculate the remainder when 219 is divided by 25.
19
What is the remainder when 4313 is divided by 35?
8
What is the remainder when 105 is divided by 53?
52
What is the remainder when 181 is divided by 85?
11
Calculate the remainder when 2399 is divided by 80.
79
What is the remainder when 775 is divided by 224?
103
What is the remainder when 445 is divided by 225?
220
Calculate the remainder when 268 is divided by 84.
16
What is the remainder when 50 is divided by 28?
22
Calculate the remainder when 335 is divided by 23.
13
What is the remainder when 275 is divided by 81?
32
Calculate the remainder when 835 is divided by 15.
10
What is the remainder when 3795 is divided by 946?
11
Calculate the remainder when 635 is divided by 26.
11
What is the remainder when 841 is divided by 59?
15
Calculate the remainder when 126 is divided by 16.
14
Calculate the remainder when 47 is divided by 14.
5
Calculate the remainder when 97 is divided by 31.
4
Calculate the remainder when 431 is divided by 109.
104
Calculate the remainder when 32 is divided by 3.
2
Calculate the remainder when 3564 is divided by 48.
12
Calculate the remainder when 277 is divided by 8.
5
What is the remainder when 98 is divided by 32?
2
Calculate the remainder when 311 is divided by 30.
11
What is the remainder when 84 is divided by 31?
22
Calculate the remainder when 120 is divided by 33.
21
What is the remainder when 1818 is divided by 4?
2
What is the remainder when 517 is divided by 63?
13
What is the remainder when 96 is divided by 88?
8
What is the remainder when 209 is divided by 68?
5
What is the remainder when 6058 is divided by 20?
18
What is the remainder when 106 is divided by 40?
26
Calculate the remainder when 117 is divided by 19.
3
What is the remainder when 217 is divided by 107?
3
What is the remainder when 107 is divided by 39?
29
What is the remainder when 107 is divided by 46?
15
What is the remainder when 186 is divided by 47?
45
What is the remainder when 700 is divided by 47?
42
What is the remainder when 1389 is divided by 107?
105
Calculate the remainder when 1866 is divided by 104.
98
Calculate the remainder when 93 is divided by 65.
28
What is the remainder when 4086 is divided by 33?
27
What is the remainder when 185 is divided by 60?
5
What is the remainder when 6550 is divided by 26?
24
Calculate the remainder when 452 is divided by 40.
12
Calculate the remainder when 2749 is divided by 183.
4
What is the remainder when 6619 is divided by 32?
27
Calculate the remainder when 746 is divided by 199.
149
What is the remainder when 3219 is divided by 54?
33
Calculate the remainder when 83 is divided by 18.
11
What is the remainder when 269 is divided by 30?
29
Calculate the remainder when 157 is divided by 27.
22
What is the remainder when 206 is divided by 58?
32
Calculate the remainder when 87 is divided by 7.
3
Calculate the remainder when 277 is divided by 232.
45
Calculate the remainder when 233 is divided by 9.
8
Calculate the remainder when 4816 is divided by 1202.
8
What is the remainder when 811 is divided by 34?
29
Calculate the remainder when 100 is divided by 58.
42
What is the remainder when 1401 is divided by 33?
15
Calculate the remainder when 2751 is divided by 27.
24
Calculate the remainder when 35 is divided by 12.
11
What is the remainder when 3381 is divided by 562?
9
What is the remainder when 47168 is divided by 5?
3
Calculate the remainder when 194 is divided by 51.
41
What is the remainder when 428 is divided by 17?
3
What is the remainder when 853 is divided by 57?
55
What is the remainder when 2372 is divided by 788?
8
Calculate the remainder when 39 is divided by 10.
9
What is the remainder when 853 is divided by 3?
1
Calculate the remainder when 247 is divided by 31.
30
Calculate the remainder when 1367 is divided by 6.
5
Calculate the remainder when 307 is divided by 100.
7
What is the remainder when 419 is divided by 404?
15
Calculate the remainder when 617 is divided by 95.
47
What is the remainder when 4416 is divided by 88?
16
Calculate the remainder when 111 is divided by 63.
48
Calculate the remainder when 1106 is divided by 101.
96
What is the remainder when 89 is divided by 9?
8
What is the remainder when 924 is divided by 37?
36
What is the remainder when 263 is divided by 86?
5
What is the remainder when 1323 is divided by 147?
0
Calculate the remainder when 113 is divided by 26.
9
Calculate the remainder when 99 is divided by 34.
31
What is the remainder when 396 is divided by 126?
18
Calculate the remainder when 1683 is divided by 10.
3
What is the remainder when 56 is divided by 10?
6
What is the remainder when 2980 is divided by 42?
40
What is the remainder when 46 is divided by 12?
10
Calculate the remainder when 8979 is divided by 9.
6
Calculate the remainder when 280 is divided by 71.
67
What is the remainder when 603 is divided by 17?
8
What is the remainder when 293 is divided by 27?
23
Calculate the remainder when 179 is divided by 30.
29
Calculate the remainder when 752 is divided by 108.
104
Calculate the remainder when 1343 is divided by 33.
23
What is the remainder when 24 is divided by 5?
4
What is the remainder when 2971 is divided by 267?
34
Calculate the remainder when 367 is divided by 41.
39
Calculate the remainder when 1289 is divided by 130.
119
Calculate the remainder when 2667 is divided by 23.
22
Calculate the remainder when 68 is divided by 4.
0
What is the remainder when 4546 is divided by 13?
9
What is the remainder when 99 is divided by 46?
7
Calculate the remainder when 193 is divided by 94.
5
Calculate the remainder when 3848 is divided by 5.
3
Calculate the remainder when 349 is divided by 17.
9
What is the remainder when 32 is divided by 18?
14
What is the remainder when 225 is divided by 93?
39
Calculate the remainder when 1570 is divided by 521.
7
Calculate the remainder when 474 is divided by 14.
12
Calculate the remainder when 478 is divided by 27.
19
What i